{"id":23,"date":"2019-10-02T21:59:48","date_gmt":"2019-10-02T19:59:48","guid":{"rendered":"http:\/\/awaw.pl\/?page_id=23"},"modified":"2020-02-10T21:55:20","modified_gmt":"2020-02-10T20:55:20","slug":"projekty","status":"publish","type":"page","link":"https:\/\/awaw.pl\/?page_id=23","title":{"rendered":"Projekty"},"content":{"rendered":"\n<p style=\"font-size:28px\" class=\"has-text-align-left\"><a href=\"http:\/\/awaw.pl\/?page_id=512\">GALERIA WIZUALIZACJI<\/a> <\/p>\n\n\n\n<p class=\"has-medium-font-size\">Sypialnia<\/p>\n\n\n\n<p><a style=\"font-weight: bold;\" href=\"http:\/\/awaw.pl\/?page_id=529\">Warszawa, \u017boliborz \u2013 wizualizacja projektu sypialni (2019)<\/a><\/p>\n\n\n\n<p><a href=\"http:\/\/awaw.pl\/?page_id=576\">Warszawa, Wawer &#8211; wizualizacja projektu sypialni (2019)<\/a><\/p>\n\n\n\n<p class=\"has-medium-font-size\">Salon i kuchnia<\/p>\n\n\n\n<p><a href=\"http:\/\/awaw.pl\/?page_id=450\"><strong>J\u00f3zef\u00f3w &#8211; projekt salonu i kuchni w domu jednorodzinnym (2019<\/strong>)<\/a><\/p>\n\n\n\n<p><strong><a href=\"http:\/\/awaw.pl\/?page_id=534\">W<\/a><\/strong><strong><a href=\"http:\/\/awaw.pl\/?page_id=534\">a<\/a><\/strong><strong><a href=\"http:\/\/awaw.pl\/?page_id=534\">r<\/a><\/strong><strong><a href=\"http:\/\/awaw.pl\/?page_id=534\">s<\/a><\/strong><strong><a href=\"http:\/\/awaw.pl\/?page_id=534\">z<\/a><\/strong><strong><a href=\"http:\/\/awaw.pl\/?page_id=534\">a<\/a><\/strong><strong><a href=\"http:\/\/awaw.pl\/?page_id=534\">w<\/a><\/strong><strong><a href=\"http:\/\/awaw.pl\/?page_id=534\">a<\/a><\/strong><strong><a href=\"http:\/\/awaw.pl\/?page_id=534\">,<\/a><\/strong><strong><a href=\"http:\/\/awaw.pl\/?page_id=534\"> <\/a><\/strong><a href=\"http:\/\/awaw.pl\/?page_id=534\"><strong>\u017b<\/strong><\/a><strong><a href=\"http:\/\/awaw.pl\/?page_id=534\">oliborz \u2013 wizualizacja projektu salonu i kuchni (2019)<\/a><\/strong><\/p>\n\n\n\n<p class=\"has-medium-font-size\">\u0141azienki<\/p>\n\n\n\n<p><strong><a href=\"http:\/\/awaw.pl\/?page_id=435\">Warszawa, Mokot\u00f3w &#8211; projekt \u0142azienki w mieszkaniu (2019<\/a><\/strong>)<\/p>\n\n\n\n<p><a href=\"http:\/\/awaw.pl\/?page_id=591\">Warszawa, Targ\u00f3wek &#8211; projekt \u0142azienek w bloku na Osiedlu Wilno (2020)<\/a><\/p>\n","protected":false},"excerpt":{"rendered":"<p>GALERIA WIZUALIZACJI Sypialnia Warszawa, \u017boliborz \u2013 wizualizacja projektu sypialni (2019) Warszawa, Wawer &#8211; wizualizacja projektu sypialni (2019) Salon i kuchnia J\u00f3zef\u00f3w &#8211; projekt salonu i kuchni w domu jednorodzinnym (2019) Warszawa, \u017boliborz \u2013 wizualizacja projektu salonu i kuchni (2019) \u0141azienki Warszawa, Mokot\u00f3w &#8211; projekt \u0142azienki w mieszkaniu (2019) Warszawa, Targ\u00f3wek &#8211; projekt \u0142azienek w bloku [&hellip;]<\/p>\n<p><a class=\"moretag\" href=\"https:\/\/awaw.pl\/?page_id=23\">Read more<\/a><\/p>\n","protected":false},"author":1,"featured_media":517,"parent":0,"menu_order":0,"comment_status":"closed","ping_status":"closed","template":"","meta":{"_vp_format_video_url":"","_vp_image_focal_point":[]},"_links":{"self":[{"href":"https:\/\/awaw.pl\/index.php?rest_route=\/wp\/v2\/pages\/23"}],"collection":[{"href":"https:\/\/awaw.pl\/index.php?rest_route=\/wp\/v2\/pages"}],"about":[{"href":"https:\/\/awaw.pl\/index.php?rest_route=\/wp\/v2\/types\/page"}],"author":[{"embeddable":true,"href":"https:\/\/awaw.pl\/index.php?rest_route=\/wp\/v2\/users\/1"}],"replies":[{"embeddable":true,"href":"https:\/\/awaw.pl\/index.php?rest_route=%2Fwp%2Fv2%2Fcomments&post=23"}],"version-history":[{"count":28,"href":"https:\/\/awaw.pl\/index.php?rest_route=\/wp\/v2\/pages\/23\/revisions"}],"predecessor-version":[{"id":600,"href":"https:\/\/awaw.pl\/index.php?rest_route=\/wp\/v2\/pages\/23\/revisions\/600"}],"wp:featuredmedia":[{"embeddable":true,"href":"https:\/\/awaw.pl\/index.php?rest_route=\/wp\/v2\/media\/517"}],"wp:attachment":[{"href":"https:\/\/awaw.pl\/index.php?rest_route=%2Fwp%2Fv2%2Fmedia&parent=23"}],"curies":[{"name":"wp","href":"https:\/\/api.w.org\/{rel}","templated":true}]}}