{"id":68,"date":"2019-10-03T20:59:28","date_gmt":"2019-10-03T18:59:28","guid":{"rendered":"http:\/\/awaw.pl\/?page_id=68"},"modified":"2019-10-25T11:36:31","modified_gmt":"2019-10-25T09:36:31","slug":"warszawa-zoliborz-aranzacja-pokoju-dzieciecego-2018","status":"publish","type":"page","link":"https:\/\/awaw.pl\/?page_id=68","title":{"rendered":"Pok\u00f3j dzieci\u0119cy"},"content":{"rendered":"\n<p class=\"has-medium-font-size\">Warszawa, \u017boliborz &#8211; aran\u017cacja pokoju dzieci\u0119cego (2018)<\/p>\n\n\n\n<p>Realizacja pokoju dla dw\u00f3ch dziewczynek. Tapeta oraz zas\u0142onka z wyrazistymi motywami prze\u0142amuj\u0105 dominuj\u0105c\u0105 biel i delikatny fiolet. <\/p>\n\n\n\n<p>Dekoracje okienne &#8211; <a href=\"http:\/\/www.decorann.pl\/?fbclid=IwAR3spiylsRWxb9XLRQnI9FvpuRn0hvSbN8QYRGcE7-MgA2DCGWQUhvdi9yg\">Decorann<\/a><\/p>\n\n\n\n<p>Tapeta oraz tkaniny &#8211; <a href=\"http:\/\/www.casadeco.fr\/pl\">CasaDeco<\/a><\/p>\n\n\n\n<p> Realizacja projektu \u0142\u00f3\u017cka &#8211;  <a href=\"https:\/\/www.facebook.com\/scandidesign2017\/\">Scandi Design &#8211; \u0142\u00f3\u017cka domki<\/a>.<\/p>\n\n\n\n<p>Opracowanie projektu i nadz\u00f3r nad realizacj\u0105 &#8211; <a href=\"http:\/\/awaw.pl\/\">Pracownia AWAW<\/a><\/p>\n\n\n\n<ul class=\"is-layout-flex wp-block-gallery-1 wp-block-gallery columns-3 is-cropped\"><li class=\"blocks-gallery-item\"><figure><img decoding=\"async\" loading=\"lazy\" width=\"1024\" height=\"1024\" src=\"http:\/\/awaw.pl\/wp-content\/uploads\/2019\/10\/DSC_0735-1024x1024.jpg\" alt=\"\" data-id=\"61\" data-link=\"http:\/\/awaw.pl\/?attachment_id=61\" class=\"wp-image-61\" srcset=\"https:\/\/awaw.pl\/wp-content\/uploads\/2019\/10\/DSC_0735-1024x1024.jpg 1024w, https:\/\/awaw.pl\/wp-content\/uploads\/2019\/10\/DSC_0735-150x150.jpg 150w, https:\/\/awaw.pl\/wp-content\/uploads\/2019\/10\/DSC_0735-300x300.jpg 300w, https:\/\/awaw.pl\/wp-content\/uploads\/2019\/10\/DSC_0735-768x768.jpg 768w, https:\/\/awaw.pl\/wp-content\/uploads\/2019\/10\/DSC_0735-200x200.jpg 200w\" sizes=\"(max-width: 1024px) 100vw, 1024px\" \/><\/figure><\/li><li class=\"blocks-gallery-item\"><figure><img decoding=\"async\" loading=\"lazy\" width=\"1024\" height=\"1024\" src=\"http:\/\/awaw.pl\/wp-content\/uploads\/2019\/10\/DSC_0709-1024x1024.jpg\" alt=\"\" data-id=\"60\" data-link=\"http:\/\/awaw.pl\/?attachment_id=60\" class=\"wp-image-60\" srcset=\"https:\/\/awaw.pl\/wp-content\/uploads\/2019\/10\/DSC_0709-1024x1024.jpg 1024w, https:\/\/awaw.pl\/wp-content\/uploads\/2019\/10\/DSC_0709-150x150.jpg 150w, https:\/\/awaw.pl\/wp-content\/uploads\/2019\/10\/DSC_0709-300x300.jpg 300w, https:\/\/awaw.pl\/wp-content\/uploads\/2019\/10\/DSC_0709-768x768.jpg 768w, https:\/\/awaw.pl\/wp-content\/uploads\/2019\/10\/DSC_0709-200x200.jpg 200w\" sizes=\"(max-width: 1024px) 100vw, 1024px\" \/><\/figure><\/li><li class=\"blocks-gallery-item\"><figure><img decoding=\"async\" loading=\"lazy\" width=\"1024\" height=\"1024\" src=\"http:\/\/awaw.pl\/wp-content\/uploads\/2019\/10\/DSC_0599-e1570128661434-1024x1024.jpg\" alt=\"\" data-id=\"59\" data-link=\"http:\/\/awaw.pl\/?attachment_id=59\" class=\"wp-image-59\" srcset=\"https:\/\/awaw.pl\/wp-content\/uploads\/2019\/10\/DSC_0599-e1570128661434-1024x1024.jpg 1024w, https:\/\/awaw.pl\/wp-content\/uploads\/2019\/10\/DSC_0599-e1570128661434-150x150.jpg 150w, https:\/\/awaw.pl\/wp-content\/uploads\/2019\/10\/DSC_0599-e1570128661434-300x300.jpg 300w, https:\/\/awaw.pl\/wp-content\/uploads\/2019\/10\/DSC_0599-e1570128661434-768x767.jpg 768w, https:\/\/awaw.pl\/wp-content\/uploads\/2019\/10\/DSC_0599-e1570128661434-200x200.jpg 200w\" sizes=\"(max-width: 1024px) 100vw, 1024px\" \/><\/figure><\/li><li class=\"blocks-gallery-item\"><figure><img decoding=\"async\" loading=\"lazy\" width=\"770\" height=\"1024\" src=\"http:\/\/awaw.pl\/wp-content\/uploads\/2019\/10\/DSC_0598-770x1024.jpg\" alt=\"\" data-id=\"58\" data-link=\"http:\/\/awaw.pl\/?attachment_id=58\" class=\"wp-image-58\" srcset=\"https:\/\/awaw.pl\/wp-content\/uploads\/2019\/10\/DSC_0598-770x1024.jpg 770w, https:\/\/awaw.pl\/wp-content\/uploads\/2019\/10\/DSC_0598-226x300.jpg 226w, https:\/\/awaw.pl\/wp-content\/uploads\/2019\/10\/DSC_0598-768x1021.jpg 768w, https:\/\/awaw.pl\/wp-content\/uploads\/2019\/10\/DSC_0598-200x266.jpg 200w\" sizes=\"(max-width: 770px) 100vw, 770px\" \/><\/figure><\/li><li class=\"blocks-gallery-item\"><figure><img decoding=\"async\" loading=\"lazy\" width=\"670\" height=\"1024\" src=\"http:\/\/awaw.pl\/wp-content\/uploads\/2019\/10\/DSC_0589-670x1024.jpg\" alt=\"\" data-id=\"57\" data-link=\"http:\/\/awaw.pl\/?attachment_id=57\" class=\"wp-image-57\" srcset=\"https:\/\/awaw.pl\/wp-content\/uploads\/2019\/10\/DSC_0589-670x1024.jpg 670w, https:\/\/awaw.pl\/wp-content\/uploads\/2019\/10\/DSC_0589-196x300.jpg 196w, https:\/\/awaw.pl\/wp-content\/uploads\/2019\/10\/DSC_0589-768x1174.jpg 768w, https:\/\/awaw.pl\/wp-content\/uploads\/2019\/10\/DSC_0589-200x306.jpg 200w\" sizes=\"(max-width: 670px) 100vw, 670px\" \/><\/figure><\/li><\/ul>\n\n\n\n<figure class=\"wp-block-image\"><img decoding=\"async\" loading=\"lazy\" width=\"1024\" height=\"1024\" src=\"http:\/\/awaw.pl\/wp-content\/uploads\/2019\/10\/DSC_0636-2-1024x1024.jpg\" alt=\"\" class=\"wp-image-78\" srcset=\"https:\/\/awaw.pl\/wp-content\/uploads\/2019\/10\/DSC_0636-2-1024x1024.jpg 1024w, https:\/\/awaw.pl\/wp-content\/uploads\/2019\/10\/DSC_0636-2-150x150.jpg 150w, https:\/\/awaw.pl\/wp-content\/uploads\/2019\/10\/DSC_0636-2-300x300.jpg 300w, https:\/\/awaw.pl\/wp-content\/uploads\/2019\/10\/DSC_0636-2-768x768.jpg 768w, https:\/\/awaw.pl\/wp-content\/uploads\/2019\/10\/DSC_0636-2-200x200.jpg 200w\" sizes=\"(max-width: 1024px) 100vw, 1024px\" \/><\/figure>\n\n\n\n<figure class=\"wp-block-image\"><img decoding=\"async\" loading=\"lazy\" width=\"1024\" height=\"1024\" src=\"http:\/\/awaw.pl\/wp-content\/uploads\/2019\/10\/DSC_0700-1024x1024.jpg\" alt=\"\" class=\"wp-image-80\" srcset=\"https:\/\/awaw.pl\/wp-content\/uploads\/2019\/10\/DSC_0700-1024x1024.jpg 1024w, https:\/\/awaw.pl\/wp-content\/uploads\/2019\/10\/DSC_0700-150x150.jpg 150w, https:\/\/awaw.pl\/wp-content\/uploads\/2019\/10\/DSC_0700-300x300.jpg 300w, https:\/\/awaw.pl\/wp-content\/uploads\/2019\/10\/DSC_0700-768x768.jpg 768w, https:\/\/awaw.pl\/wp-content\/uploads\/2019\/10\/DSC_0700-200x200.jpg 200w\" sizes=\"(max-width: 1024px) 100vw, 1024px\" \/><\/figure>\n\n\n\n<p><a href=\"http:\/\/awaw.pl\/?page_id=25\">Powr\u00f3t do listy realizacji<\/a><\/p>\n","protected":false},"excerpt":{"rendered":"<p>Warszawa, \u017boliborz &#8211; aran\u017cacja pokoju dzieci\u0119cego (2018) Realizacja pokoju dla dw\u00f3ch dziewczynek. Tapeta oraz zas\u0142onka z wyrazistymi motywami prze\u0142amuj\u0105 dominuj\u0105c\u0105 biel i delikatny fiolet. Dekoracje okienne &#8211; Decorann Tapeta oraz tkaniny &#8211; CasaDeco Realizacja projektu \u0142\u00f3\u017cka &#8211; Scandi Design &#8211; \u0142\u00f3\u017cka domki. Opracowanie projektu i nadz\u00f3r nad realizacj\u0105 &#8211; Pracownia AWAW Powr\u00f3t do listy realizacji<\/p>\n<p><a class=\"moretag\" href=\"https:\/\/awaw.pl\/?page_id=68\">Read more<\/a><\/p>\n","protected":false},"author":1,"featured_media":60,"parent":0,"menu_order":0,"comment_status":"closed","ping_status":"closed","template":"","meta":{"_vp_format_video_url":"","_vp_image_focal_point":[]},"_links":{"self":[{"href":"https:\/\/awaw.pl\/index.php?rest_route=\/wp\/v2\/pages\/68"}],"collection":[{"href":"https:\/\/awaw.pl\/index.php?rest_route=\/wp\/v2\/pages"}],"about":[{"href":"https:\/\/awaw.pl\/index.php?rest_route=\/wp\/v2\/types\/page"}],"author":[{"embeddable":true,"href":"https:\/\/awaw.pl\/index.php?rest_route=\/wp\/v2\/users\/1"}],"replies":[{"embeddable":true,"href":"https:\/\/awaw.pl\/index.php?rest_route=%2Fwp%2Fv2%2Fcomments&post=68"}],"version-history":[{"count":12,"href":"https:\/\/awaw.pl\/index.php?rest_route=\/wp\/v2\/pages\/68\/revisions"}],"predecessor-version":[{"id":302,"href":"https:\/\/awaw.pl\/index.php?rest_route=\/wp\/v2\/pages\/68\/revisions\/302"}],"wp:featuredmedia":[{"embeddable":true,"href":"https:\/\/awaw.pl\/index.php?rest_route=\/wp\/v2\/media\/60"}],"wp:attachment":[{"href":"https:\/\/awaw.pl\/index.php?rest_route=%2Fwp%2Fv2%2Fmedia&parent=68"}],"curies":[{"name":"wp","href":"https:\/\/api.w.org\/{rel}","templated":true}]}}